{"id":20471,"date":"2026-03-30T17:12:14","date_gmt":"2026-03-30T15:12:14","guid":{"rendered":"https:\/\/www.kapitol-gryfice.pl\/?post_type=tribe_events&#038;p=20471"},"modified":"2026-03-30T17:12:14","modified_gmt":"2026-03-30T15:12:14","slug":"tenorzy-przy-swiecach","status":"publish","type":"tribe_events","link":"https:\/\/www.kapitol-gryfice.pl\/en\/film\/tenorzy-przy-swiecach\/","title":{"rendered":"Tenorzy Przy \u015awiecach"},"content":{"rendered":"<div id=\"cmsmasters_row_\" class=\"cmsmasters_row cmsmasters_color_scheme_default cmsmasters_row_top_default cmsmasters_row_bot_default cmsmasters_row_boxed\">\n<div class=\"cmsmasters_row_outer_parent\">\n<div class=\"cmsmasters_row_outer\">\n<div class=\"cmsmasters_row_inner\">\n<div class=\"cmsmasters_row_margin\">\n<div id=\"cmsmasters_column_\" class=\"cmsmasters_column one_first\">\n<div class=\"cmsmasters_column_inner\"><div class=\"cmsmasters_text\">\n<h3>Opis koncertu<\/h3>\n<div class=\"summary\">\n<p>\u201eTenorzy przy \u015bwiecach\u201d to wyj\u0105tkowe muzyczne widowisko, w kt\u00f3rym pot\u0119ga tenorowych g\u0142os\u00f3w spotyka si\u0119 z magi\u0105 nastrojowego \u015bwiat\u0142a i elegancj\u0105 fortepianu. Przez oko\u0142o 2 godziny publiczno\u015b\u0107 zanurza si\u0119 w \u015bwiecie najpi\u0119kniejszych melodii \u2014 od ponadczasowej klasyki, po znane i lubiane utwory muzyki rozrywkowej w wyj\u0105tkowych, poruszaj\u0105cych aran\u017cacjach.<br \/>\nTo koncert pe\u0142en emocji: wzrusze\u0144, u\u015bmiech\u00f3w i moment\u00f3w, kt\u00f3re zostaj\u0105 w pami\u0119ci na d\u0142ugo. Kameralna atmosfera \u015bwiec sprawia, \u017ce ka\u017cdy d\u017awi\u0119k brzmi bli\u017cej, mocniej, bardziej osobi\u015bcie.<\/p>\n<\/div>\n<\/div>\n<\/div><\/div>\n<\/div>\n<\/div>\n<\/div>\n<\/div>\n<\/div>\n\n","protected":false},"excerpt":{"rendered":"<p>Zga\u015b \u015bwiat\u0142o, zapal \u015bwiece i zanurz si\u0119 w magii &#8220;Tenor\u00f3w przy \u015bwiecach&#8221; <\/p>\n","protected":false},"author":1,"featured_media":20441,"comment_status":"closed","ping_status":"closed","template":"","meta":{"_tribe_events_status":"","_tribe_events_status_reason":"","_tribe_events_is_hybrid":"","_tribe_events_is_virtual":"","_tribe_events_virtual_video_source":"","_tribe_events_virtual_embed_video":"","_tribe_events_virtual_linked_button_text":"","_tribe_events_virtual_linked_button":"","_tribe_events_virtual_show_embed_at":"","_tribe_events_virtual_show_embed_to":[],"_tribe_events_virtual_show_on_event":"","_tribe_events_virtual_show_on_views":"","_tribe_events_virtual_url":"","footnotes":""},"tags":[],"tribe_events_cat":[65],"class_list":["post-20471","tribe_events","type-tribe_events","status-publish","has-post-thumbnail","hentry","tribe_events_cat-koncert","cat_koncert"],"yoast_head":"<!-- This site is optimized with the Yoast SEO Premium plugin v24.3 (Yoast SEO v24.4) - https:\/\/yoast.com\/wordpress\/plugins\/seo\/ -->\n<title>Tenorzy Przy \u015awiecach - KAPITOL Gryfice | Kino | Restauracja | Kr\u0119gielnia | Pub<\/title>\n<meta name=\"robots\" content=\"index, follow, max-snippet:-1, max-image-preview:large, max-video-preview:-1\" \/>\n<link rel=\"canonical\" href=\"https:\/\/www.kapitol-gryfice.pl\/film\/tenorzy-przy-swiecach\/\" \/>\n<meta property=\"og:locale\" content=\"en_US\" \/>\n<meta property=\"og:type\" content=\"article\" \/>\n<meta property=\"og:title\" content=\"Tenorzy Przy \u015awiecach\" \/>\n<meta property=\"og:description\" content=\"Zga\u015b \u015bwiat\u0142o, zapal \u015bwiece i zanurz si\u0119 w magii &quot;Tenor\u00f3w przy \u015bwiecach&quot;\" \/>\n<meta property=\"og:url\" content=\"https:\/\/www.kapitol-gryfice.pl\/film\/tenorzy-przy-swiecach\/\" \/>\n<meta property=\"og:site_name\" content=\"KAPITOL Gryfice | Kino | Restauracja | Kr\u0119gielnia | Pub\" \/>\n<meta property=\"og:image\" content=\"https:\/\/www.kapitol-gryfice.pl\/wp-content\/uploads\/2026\/03\/tenorzy.jpg\" \/>\n\t<meta property=\"og:image:width\" content=\"384\" \/>\n\t<meta property=\"og:image:height\" content=\"549\" \/>\n\t<meta property=\"og:image:type\" content=\"image\/jpeg\" \/>\n<meta name=\"twitter:card\" content=\"summary_large_image\" \/>\n<meta name=\"twitter:label1\" content=\"Est. reading time\" \/>\n\t<meta name=\"twitter:data1\" content=\"2 minutes\" \/>\n<script type=\"application\/ld+json\" class=\"yoast-schema-graph\">{\"@context\":\"https:\/\/schema.org\",\"@graph\":[{\"@type\":\"WebPage\",\"@id\":\"https:\/\/www.kapitol-gryfice.pl\/film\/tenorzy-przy-swiecach\/\",\"url\":\"https:\/\/www.kapitol-gryfice.pl\/film\/tenorzy-przy-swiecach\/\",\"name\":\"Tenorzy Przy \u015awiecach - KAPITOL Gryfice | Kino | Restauracja | Kr\u0119gielnia | Pub\",\"isPartOf\":{\"@id\":\"https:\/\/www.kapitol-gryfice.pl\/#website\"},\"primaryImageOfPage\":{\"@id\":\"https:\/\/www.kapitol-gryfice.pl\/film\/tenorzy-przy-swiecach\/#primaryimage\"},\"image\":{\"@id\":\"https:\/\/www.kapitol-gryfice.pl\/film\/tenorzy-przy-swiecach\/#primaryimage\"},\"thumbnailUrl\":\"https:\/\/www.kapitol-gryfice.pl\/wp-content\/uploads\/2026\/03\/tenorzy.jpg\",\"datePublished\":\"2026-03-30T15:12:14+00:00\",\"breadcrumb\":{\"@id\":\"https:\/\/www.kapitol-gryfice.pl\/film\/tenorzy-przy-swiecach\/#breadcrumb\"},\"inLanguage\":\"en-US\",\"potentialAction\":[{\"@type\":\"ReadAction\",\"target\":[\"https:\/\/www.kapitol-gryfice.pl\/film\/tenorzy-przy-swiecach\/\"]}]},{\"@type\":\"ImageObject\",\"inLanguage\":\"en-US\",\"@id\":\"https:\/\/www.kapitol-gryfice.pl\/film\/tenorzy-przy-swiecach\/#primaryimage\",\"url\":\"https:\/\/www.kapitol-gryfice.pl\/wp-content\/uploads\/2026\/03\/tenorzy.jpg\",\"contentUrl\":\"https:\/\/www.kapitol-gryfice.pl\/wp-content\/uploads\/2026\/03\/tenorzy.jpg\",\"width\":384,\"height\":549},{\"@type\":\"BreadcrumbList\",\"@id\":\"https:\/\/www.kapitol-gryfice.pl\/film\/tenorzy-przy-swiecach\/#breadcrumb\",\"itemListElement\":[{\"@type\":\"ListItem\",\"position\":1,\"name\":\"Home\",\"item\":\"https:\/\/www.kapitol-gryfice.pl\/\"},{\"@type\":\"ListItem\",\"position\":2,\"name\":\"Filmy\",\"item\":\"https:\/\/www.kapitol-gryfice.pl\/filmy\/\"},{\"@type\":\"ListItem\",\"position\":3,\"name\":\"Tenorzy Przy \u015awiecach\"}]},{\"@type\":\"WebSite\",\"@id\":\"https:\/\/www.kapitol-gryfice.pl\/#website\",\"url\":\"https:\/\/www.kapitol-gryfice.pl\/\",\"name\":\"KAPITOL Gryfice | Kino | Restauracja | Kr\u0119gielnia | Pub\",\"description\":\"\",\"potentialAction\":[{\"@type\":\"SearchAction\",\"target\":{\"@type\":\"EntryPoint\",\"urlTemplate\":\"https:\/\/www.kapitol-gryfice.pl\/?s={search_term_string}\"},\"query-input\":{\"@type\":\"PropertyValueSpecification\",\"valueRequired\":true,\"valueName\":\"search_term_string\"}}],\"inLanguage\":\"en-US\"}]}<\/script>\n<!-- \/ Yoast SEO Premium plugin. -->","yoast_head_json":{"title":"Tenorzy Przy \u015awiecach - KAPITOL Gryfice | Kino | Restauracja | Kr\u0119gielnia | Pub","robots":{"index":"index","follow":"follow","max-snippet":"max-snippet:-1","max-image-preview":"max-image-preview:large","max-video-preview":"max-video-preview:-1"},"canonical":"https:\/\/www.kapitol-gryfice.pl\/film\/tenorzy-przy-swiecach\/","og_locale":"en_US","og_type":"article","og_title":"Tenorzy Przy \u015awiecach","og_description":"Zga\u015b \u015bwiat\u0142o, zapal \u015bwiece i zanurz si\u0119 w magii \"Tenor\u00f3w przy \u015bwiecach\"","og_url":"https:\/\/www.kapitol-gryfice.pl\/film\/tenorzy-przy-swiecach\/","og_site_name":"KAPITOL Gryfice | Kino | Restauracja | Kr\u0119gielnia | Pub","og_image":[{"width":384,"height":549,"url":"https:\/\/www.kapitol-gryfice.pl\/wp-content\/uploads\/2026\/03\/tenorzy.jpg","type":"image\/jpeg"}],"twitter_card":"summary_large_image","twitter_misc":{"Est. reading time":"2 minutes"},"schema":{"@context":"https:\/\/schema.org","@graph":[{"@type":"WebPage","@id":"https:\/\/www.kapitol-gryfice.pl\/film\/tenorzy-przy-swiecach\/","url":"https:\/\/www.kapitol-gryfice.pl\/film\/tenorzy-przy-swiecach\/","name":"Tenorzy Przy \u015awiecach - KAPITOL Gryfice | Kino | Restauracja | Kr\u0119gielnia | Pub","isPartOf":{"@id":"https:\/\/www.kapitol-gryfice.pl\/#website"},"primaryImageOfPage":{"@id":"https:\/\/www.kapitol-gryfice.pl\/film\/tenorzy-przy-swiecach\/#primaryimage"},"image":{"@id":"https:\/\/www.kapitol-gryfice.pl\/film\/tenorzy-przy-swiecach\/#primaryimage"},"thumbnailUrl":"https:\/\/www.kapitol-gryfice.pl\/wp-content\/uploads\/2026\/03\/tenorzy.jpg","datePublished":"2026-03-30T15:12:14+00:00","breadcrumb":{"@id":"https:\/\/www.kapitol-gryfice.pl\/film\/tenorzy-przy-swiecach\/#breadcrumb"},"inLanguage":"en-US","potentialAction":[{"@type":"ReadAction","target":["https:\/\/www.kapitol-gryfice.pl\/film\/tenorzy-przy-swiecach\/"]}]},{"@type":"ImageObject","inLanguage":"en-US","@id":"https:\/\/www.kapitol-gryfice.pl\/film\/tenorzy-przy-swiecach\/#primaryimage","url":"https:\/\/www.kapitol-gryfice.pl\/wp-content\/uploads\/2026\/03\/tenorzy.jpg","contentUrl":"https:\/\/www.kapitol-gryfice.pl\/wp-content\/uploads\/2026\/03\/tenorzy.jpg","width":384,"height":549},{"@type":"BreadcrumbList","@id":"https:\/\/www.kapitol-gryfice.pl\/film\/tenorzy-przy-swiecach\/#breadcrumb","itemListElement":[{"@type":"ListItem","position":1,"name":"Home","item":"https:\/\/www.kapitol-gryfice.pl\/"},{"@type":"ListItem","position":2,"name":"Filmy","item":"https:\/\/www.kapitol-gryfice.pl\/filmy\/"},{"@type":"ListItem","position":3,"name":"Tenorzy Przy \u015awiecach"}]},{"@type":"WebSite","@id":"https:\/\/www.kapitol-gryfice.pl\/#website","url":"https:\/\/www.kapitol-gryfice.pl\/","name":"KAPITOL Gryfice | Kino | Restauracja | Kr\u0119gielnia | Pub","description":"","potentialAction":[{"@type":"SearchAction","target":{"@type":"EntryPoint","urlTemplate":"https:\/\/www.kapitol-gryfice.pl\/?s={search_term_string}"},"query-input":{"@type":"PropertyValueSpecification","valueRequired":true,"valueName":"search_term_string"}}],"inLanguage":"en-US"}]}},"_links":{"self":[{"href":"https:\/\/www.kapitol-gryfice.pl\/en\/wp-json\/wp\/v2\/tribe_events\/20471","targetHints":{"allow":["GET"]}}],"collection":[{"href":"https:\/\/www.kapitol-gryfice.pl\/en\/wp-json\/wp\/v2\/tribe_events"}],"about":[{"href":"https:\/\/www.kapitol-gryfice.pl\/en\/wp-json\/wp\/v2\/types\/tribe_events"}],"author":[{"embeddable":true,"href":"https:\/\/www.kapitol-gryfice.pl\/en\/wp-json\/wp\/v2\/users\/1"}],"replies":[{"embeddable":true,"href":"https:\/\/www.kapitol-gryfice.pl\/en\/wp-json\/wp\/v2\/comments?post=20471"}],"version-history":[{"count":1,"href":"https:\/\/www.kapitol-gryfice.pl\/en\/wp-json\/wp\/v2\/tribe_events\/20471\/revisions"}],"predecessor-version":[{"id":20472,"href":"https:\/\/www.kapitol-gryfice.pl\/en\/wp-json\/wp\/v2\/tribe_events\/20471\/revisions\/20472"}],"wp:featuredmedia":[{"embeddable":true,"href":"https:\/\/www.kapitol-gryfice.pl\/en\/wp-json\/wp\/v2\/media\/20441"}],"wp:attachment":[{"href":"https:\/\/www.kapitol-gryfice.pl\/en\/wp-json\/wp\/v2\/media?parent=20471"}],"wp:term":[{"taxonomy":"post_tag","embeddable":true,"href":"https:\/\/www.kapitol-gryfice.pl\/en\/wp-json\/wp\/v2\/tags?post=20471"},{"taxonomy":"tribe_events_cat","embeddable":true,"href":"https:\/\/www.kapitol-gryfice.pl\/en\/wp-json\/wp\/v2\/tribe_events_cat?post=20471"}],"curies":[{"name":"wp","href":"https:\/\/api.w.org\/{rel}","templated":true}]}}

Tenorzy Przy Świecach

<div id="cmsmasters_row_" class="cmsmasters_row cmsmasters_color_scheme_default cmsmasters_row_top_default cmsmasters_row_bot_default cmsmasters_row_boxed">
<div class="cmsmasters_row_outer_parent">
<div class="cmsmasters_row_outer">
<div class="cmsmasters_row_inner">
<div class="cmsmasters_row_margin">
<div id="cmsmasters_column_" class="cmsmasters_column one_first">
<div class="cmsmasters_column_inner"><div class="cmsmasters_text">
<h3>Opis koncertu</h3>
<div class="summary">
<p>„Tenorzy przy świecach” to wyjątkowe muzyczne widowisko, w którym potęga tenorowych głosów spotyka się z magią nastrojowego światła i elegancją fortepianu. Przez około 2 godziny publiczność zanurza się w świecie najpiękniejszych melodii — od ponadczasowej klasyki, po znane i lubiane utwory muzyki rozrywkowej w wyjątkowych, poruszających aranżacjach.<br />
To koncert pełen emocji: wzruszeń, uśmiechów i momentów, które zostają w pamięci na długo. Kameralna atmosfera świec sprawia, że każdy dźwięk brzmi bliżej, mocniej, bardziej osobiście.</p>
</div>
</div>
</div></div>
</div>
</div>
</div>
</div>
</div>

<p>Zgaś światło, zapal świece i zanurz się w magii &#8220;Tenorów przy świecach&#8221; </p>

<!-- This site is optimized with the Yoast SEO Premium plugin v24.3 (Yoast SEO v24.4) - https://yoast.com/wordpress/plugins/seo/ -->
<title>Tenorzy Przy Świecach - KAPITOL Gryfice | Kino | Restauracja | Kręgielnia | Pub</title>
<meta name="robots" content="index, follow, max-snippet:-1, max-image-preview:large, max-video-preview:-1" />
<link rel="canonical" href="https://www.kapitol-gryfice.pl/film/tenorzy-przy-swiecach/" />
<meta property="og:locale" content="en_US" />
<meta property="og:type" content="article" />
<meta property="og:title" content="Tenorzy Przy Świecach" />
<meta property="og:description" content="Zgaś światło, zapal świece i zanurz się w magii &quot;Tenorów przy świecach&quot;" />
<meta property="og:url" content="https://www.kapitol-gryfice.pl/film/tenorzy-przy-swiecach/" />
<meta property="og:site_name" content="KAPITOL Gryfice | Kino | Restauracja | Kręgielnia | Pub" />
<meta property="og:image" content="https://www.kapitol-gryfice.pl/wp-content/uploads/2026/03/tenorzy.jpg" />
	<meta property="og:image:width" content="384" />
	<meta property="og:image:height" content="549" />
	<meta property="og:image:type" content="image/jpeg" />
<meta name="twitter:card" content="summary_large_image" />
<meta name="twitter:label1" content="Est. reading time" />
	<meta name="twitter:data1" content="2 minutes" />
<script type="application/ld+json" class="yoast-schema-graph">{"@context":"https://schema.org","@graph":[{"@type":"WebPage","@id":"https://www.kapitol-gryfice.pl/film/tenorzy-przy-swiecach/","url":"https://www.kapitol-gryfice.pl/film/tenorzy-przy-swiecach/","name":"Tenorzy Przy Świecach - KAPITOL Gryfice | Kino | Restauracja | Kręgielnia | Pub","isPartOf":{"@id":"https://www.kapitol-gryfice.pl/#website"},"primaryImageOfPage":{"@id":"https://www.kapitol-gryfice.pl/film/tenorzy-przy-swiecach/#primaryimage"},"image":{"@id":"https://www.kapitol-gryfice.pl/film/tenorzy-przy-swiecach/#primaryimage"},"thumbnailUrl":"https://www.kapitol-gryfice.pl/wp-content/uploads/2026/03/tenorzy.jpg","datePublished":"2026-03-30T15:12:14+00:00","breadcrumb":{"@id":"https://www.kapitol-gryfice.pl/film/tenorzy-przy-swiecach/#breadcrumb"},"inLanguage":"en-US","potentialAction":[{"@type":"ReadAction","target":["https://www.kapitol-gryfice.pl/film/tenorzy-przy-swiecach/"]}]},{"@type":"ImageObject","inLanguage":"en-US","@id":"https://www.kapitol-gryfice.pl/film/tenorzy-przy-swiecach/#primaryimage","url":"https://www.kapitol-gryfice.pl/wp-content/uploads/2026/03/tenorzy.jpg","contentUrl":"https://www.kapitol-gryfice.pl/wp-content/uploads/2026/03/tenorzy.jpg","width":384,"height":549},{"@type":"BreadcrumbList","@id":"https://www.kapitol-gryfice.pl/film/tenorzy-przy-swiecach/#breadcrumb","itemListElement":[{"@type":"ListItem","position":1,"name":"Home","item":"https://www.kapitol-gryfice.pl/"},{"@type":"ListItem","position":2,"name":"Filmy","item":"https://www.kapitol-gryfice.pl/filmy/"},{"@type":"ListItem","position":3,"name":"Tenorzy Przy Świecach"}]},{"@type":"WebSite","@id":"https://www.kapitol-gryfice.pl/#website","url":"https://www.kapitol-gryfice.pl/","name":"KAPITOL Gryfice | Kino | Restauracja | Kręgielnia | Pub","description":"","potentialAction":[{"@type":"SearchAction","target":{"@type":"EntryPoint","urlTemplate":"https://www.kapitol-gryfice.pl/?s={search_term_string}"},"query-input":{"@type":"PropertyValueSpecification","valueRequired":true,"valueName":"search_term_string"}}],"inLanguage":"en-US"}]}</script>
<!-- / Yoast SEO Premium plugin. -->

Tenorzy Przy Świecach - KAPITOL Gryfice | Kino | Restauracja | Kręgielnia | Pub

Zgaś światło, zapal świece i zanurz się w magii "Tenorów przy świecach"

KAPITOL Gryfice | Kino | Restauracja | Kręgielnia | Pub
